*3 - 5*r + 5*r**3 - r**3 + 6 - a*r**2. Calculate i(z).
2
Let i(w) = -w**2 + 3*w + 5. Let j(o) = 3*o**2 - 9*o - 15. Let r(g) = 7*i(g) + 2*j(g). Suppose -4*p - 16 = -q - 7*p, 2*q + 2*p - 16 = 0. Determine r(q).
1
Suppose -5*m = -5*u + 45, u - 1 = -0*m - m. Let r = -5 + 4. Let s(b) = -b + 1. Let y(z) = 7*z - 16. Let c(l) = r*y(l) - 6*s(l). Determine c(u).
5
Let h(x) be the first derivative of -3/2*x**2 + 1/3*x**3 - 3*x + 1. Let i = -28 - -26. Determine h(i).
7
Let f(r) = -r**2 + 6*r - 5. Suppose -25 = -6*v + v + 2*w, 5*v + 3*w - 25 = 0. Let n be f(v). Let k(d) = -d**2 - d - 6. What is k(n)?
-6
Let s(r) = -r**2 + 6*r**2 + 0*r**2. Let h be ((-3)/9)/(6/54) + 4. What is s(h)?
5
Let r(d) = -2*d + 3. Let f(b) = 2*b - 4. Let t(h) = 5*f(h) + 6*r(h). Let c = -8 + 5. Determine t(c).
4
Let r(f) = -f - 1. Let z(j) = 2*j + 1. Let t(s) = -5*r(s) - 6*z(s). Let y(w) = -w + 1 - 5*w - 5 + 3. Let q(h) = 5*t(h) - 6*y(h). Give q(0).
1
Let w(a) = 2*a - 1. Let h(j) = 11*j - 8. Let n(v) = h(v) - 5*w(v). Determine n(5).
2
Let t = -10 + 16. Let q = -8 + t. Let s(p) = p - 1. Determine s(q).
-3
Let d(s) = -2*s - 4. Let w(b) = b**2 - 10*b + 15. Let x be w(7). Give d(x).
8
Let y(d) = d**3 - 6*d**2 + 6*d - 1. Let r(a) be the first derivative of 2*a**3/3 - a**2/2 - a - 5. Let f be r(2). What is y(f)?
4
Let r be 8/3 - (-6)/(-9). Let j(d) be the third derivative of -d**5/60 + d**3/3 - d**2. What is j(r)?
-2
Let d(c) = -c - 9. Let m be d(-9). Let v(a) = 0*a**2 - 2*a**2 - a + 0*a + 3*a**2 + a**3 + 8. Calculate v(m).
8
Let h(g) = -13*g + 8. Let c(l) = -7*l + 4. Suppose -2*d + s + 9 = -4*d, 5*d - 5*s + 45 = 0. Let n(w) = d*h(w) + 11*c(w). Calculate n(3).
-1
Let k(v) = -v + 4. Suppose 0 = 73*d - 72*d - 7. Determine k(d).
-3
Let z(i) = i - 10. Let u be z(12). Let r(l) = 0*l + 2*l**2 - 1 + 0*l + 0*l**u - 2*l. Calculate r(-1).
3
Let v(z) = -z + 4. Let i be v(2). Let f(k) = k + k**2 - k**3 + 2*k + 0*k**3 - 1. Determine f(i).
1
Let f(w) be the second derivative of w**3/6 - 7*w**2 - 27*w. What is f(7)?
-7
Let x = 5 + -5. Suppose x = 4*b - 9*b. Let o(h) be the third derivative of -h**4/24 + 5*h**3/6 - 2*h**2. What is o(b)?
5
Let q(w) = 4 - 1 + 9*w - 13*w + w**3. Suppose -z = 4*z - 10. Give q(z).
3
Let a(r) = r**3 + 3*r**2 + 2*r + 1. Let l(u) = -u**2 + u + 1. Let v be l(-1). Let j be v + ((-1)/(-1))/(-1). Determine a(j).
1
Let a(w) = 2*w**2 + 6*w + 0*w**2 - 7 - w**2. Suppose -4*n + 4*v + 8 = 0, 4*n - 3*v - 14 + 3 = 0. Let i be (4 - n)*1 - 5. Give a(i).
-7
Let q(b) = b**3 - 3*b**2 - 4*b + 6. Let n = -22 + 13. Let m = -3 - n. Let s(h) = -h**3 + 5*h**2 + 6*h + 4. Let w be s(m). Calculate q(w).
6
Suppose 5*s - 32 = -4*w, -4*w + 4*s = s. Let t(m) = -2*m**3 + 3*m**2 - 6*m + 6. Let q(x) = -x**3 + x**2 - 3*x + 3. Let b(k) = 5*q(k) - 3*t(k). What is b(w)?
-3
Let x(b) = -b**3 - 5*b**2 - 3. Let w = -1 - 4. Determine x(w).
-3
Let i(o) be the third derivative of o**5/60 - o**4/12 + o**3/3 + 4*o**2. Suppose c + 0*c = 3. Suppose -s + 0 + c = 0. Give i(s).
5
Let w(i) = i**2 + 9*i - 6. Let y(m) = m. Let x = -14 + 11. Let f(o) = x*y(o) + w(o). Determine f(-5).
-11
Let n(b) be the second derivative of -b**4/12 + 5*b**3/6 + 3*b**2 + b. Suppose 0 = -3*g + 8 + 13. Suppose 2*x - g - 5 = 0. Calculate n(x).
0
Let m(y) = -5*y. Suppose -6*f + 2*f - 8 = 0. Let r = f + 1. What is m(r)?
5
Let k(y) = -2*y - 2. Let a(i) = i**2 + 5*i - 2. Let u be a(-4). Calculate k(u).
10
Suppose 1 = t - 1. Let q(n) be the first derivative of 1 - n + 1/2*n**t. Calculate q(1).
0
Let r(j) = -j - 2. Let p = 13 + -16. What is r(p)?
1
Let g(f) = f**3 - 6*f**2 - 2*f**2 - 2*f + 4*f + 7. Let t(v) = 2*v**3 - 17*v**2 + 3*v + 15. Let x(k) = -5*g(k) + 2*t(k). Suppose 3*u - 10 = u. Calculate x(u).
0
Let z(g) = g - 11. Let u(a) = -4. Let y(s) = 8*u(s) - 3*z(s). Determine y(-4).
13
Let i(v) = -v**3 - v**2 - 4. Suppose -6*j = -2*j. Give i(j).
-4
Suppose -i - t = -2, t = i - 0*t - 6. Let v(b) = 4*b + 0 + i - 2. Suppose -3*y + 26 = -3*s + y, 0 = -2*s - 3*y + 11. Determine v(s).
-6
Let z(j) = -j**3 - 7*j**2 + j + 1. Suppose 21 = 4*h + 49. What is z(h)?
-6
Let t(i) = -35*i - 5 + 18*i + 15*i. Calculate t(-6).
7
Let l be (5 - 1)*2/42*7. Let q(x) be the first derivative of 0*x + 2 - 3/2*x**2 + l*x**3. Give q(2).
10
Suppose 5*h = -4*o + 3, -3*h = -o + 3*o - 1. Let a(b) = -3*b**3 - 5*b**2 + 4*b**2 - 3*b + 2*b. Give a(h).
3
Let x be (-4)/(-2*(1 - 0)). Suppose 0 = -3*f - x*y - 2*y + 1, -y + 13 = 5*f. Let p(d) be the first derivative of -d**2/2 + d + 2. Calculate p(f).
-2
Let p(b) = b**3 - 6*b**2 + 4*b + 3. Let s be 2*3/((-3)/5). Let j be s/3*6/(-4). Determine p(j).
-2
Let h(m) = -13 - 3*m + 11 + 2*m. Suppose 0 = -4*b - 3 + 19. Suppose 2*p - 3*p + b*u = 0, 0 = -5*p - 3*u. Give h(p).
-2
Let g(b) be the second derivative of b**5/20 + 5*b**4/12 - 7*b**3/6 + 7*b**2/2 - 32*b. Calculate g(-6).
13
Let g be 0 - 3/(-2)*-2. Let k(t) = t**2 - 1. Calculate k(g).
8
Let h(z) be the third derivative of z**5/30 - 5*z**4/24 - z**3 + 14*z**2. Calculate h(5).
19
Let l(w) be the second derivative of -w**3/3 - w**2 - 7*w. Let g be 3*-11*(-2)/6. Let u be g/(-3) - (-1)/(-3). Give l(u).
6
Let x = 7 - 4. Let w(k) = 2*k**2 - 3 + k - 3*k**2 + 5*k. Calculate w(x).
6
Let t(o) = 3*o + 6. Let x be t(-4). Let m = 2 + x. Let a(j) = 4*j + 4*j**2 - 4*j**2 + j**2 - 1. Determine a(m).
-1
Let i(z) = -3*z**2 + 2. Let o be (-4)/(-2 + 4 - 4). Give i(o).
-10
Let y(s) = -3*s - 3. Let c(f) = -5*f - 5. Let a = 11 + -4. Let w(r) = a*y(r) - 4*c(r). What is w(-4)?
3
Suppose -2*r + 13 = -5*l, 3*l = -4*r + 4*l + 17. Let j(y) be the second derivative of -1/6*y**3 - 1/2*y**2 + 0 - 1/12*y**r - 1/20*y**5 - 3*y. Give j(-1).
0
Suppose -4*m - 2*a = -20, 4*m - 15 = -4*a + 9. Let g be (m - 3)*(1 + -2). Let d(p) = -2*p**3 - p**2 + p + 1. Calculate d(g).
1
Let q = 27 - 25. Let c(u) be the second derivative of -1/12*u**4 + 4*u + u**3 - 1/2*u**q + 0. Calculate c(4).
7
Let u(i) = -7*i**2 + 3*i. Let h(r) = -14*r**2 + 7*r. Let q(k) = 2*h(k) - 5*u(k). Give q(-1).
8
Suppose 3*w + 5 - 20 = 0. Let h be w + 0 + -4 + 2. Suppose 0 = -4*f + h*f. Let z(x) = x**3 - x**2 - 5. What is z(f)?
-5
Suppose -4*s - s + 5 = 0. Let v be ((-1)/s)/((-4)/(-24)). Let o = -11 - v. Let w(b) = b**3 + 5*b**2 + b + 1. Calculate w(o).
-4
Let s = 12 - 22. Let a be 6/s*(-4 - -9). Let d be 1/((-1 - a)/4). Let n(i) = i**3 - 2*i**2 + 1. Give n(d).
1
Let g be -1 - 1/(3/6). Let v = g - -6. Let n be v/2 + 18/(-4). Let r(o) = o**3 + 4*o**2 + 4*o. Calculate r(n).
-3
Let t(v) = v**3 - 6*v**2 + 2*v - 7. Let o be t(6). Let c(b) = -b + b**2 + 13 - 4*b - 12. What is c(o)?
1
Let x(n) be the first derivative of -n**2/2 + 20. Calculate x(5).
-5
Let w(a) = -18*a + a**2 + 3 - 10*a + 34*a. Give w(-7).
10
Suppose 3*z + 2*u - 1 = -8, 3*u = 3*z + 12. Let y = 4 + z. Let j(h) = 2*h + 1. Calculate j(y).
3
Let q = 0 + 5. Let s(t) = -4*t + 0 + q - 2. Let c(d) = 7*d - 7. Let x(y) = 3*c(y) + 5*s(y). Give x(5).
-1
Let a(n) = -n**3 - n**2 - n + 7. Suppose -u + 0*p - 20 = -4*p, 0 = 3*u - 5*p + 25. Give a(u).
7
Let h(j) = 4*j**2 - 2*j - 1. Let n(q) = -5*q**2 + 3*q + 1. Let d(y) = -6*h(y) - 5*n(y). What is d(5)?
11
Let h(p) = p**2 + 4*p. Let f be (10/4)/(10/8). Let i be (50/15)/(f/(-3)). Calculate h(i).
5
Let r(a) = -2*a**2 - 2*a + 4. Let s(l) = l**2 - 8*l - 12. Let f be s(9). Calculate r(f).
-8
Let u(f) = f**2 + 8*f - 7. Let t be (-16)/(-2)*(0 + -4 + 3). What is u(t)?
-7
Let g(h) = 4 - 2*h + 0*h - 5. Calculate g(2).
-5
Suppose -78 + 58 = 4*s. Let a(g) = -g**3 - 4*g**2 + 5*g - 2. What is a(s)?
-2
Let i(b) = -6*b + 8. Let h(q) = -6*q + 7. Let w(p) = 3*h(p) - 2*i(p). Let x(c) = 7*c - 6. Let d(o) = 5*w(o) + 4*x(o). Let j = 1 - 3. Determine d(j).
5
Let l(q) = -2*q**2 + 23*q + 13. Let x(t) = t**2 - 11*t - 6. Let r(j) = 4*l(j) + 9*x(j). Calculate r(7).
-2
Let h(q) = -q**2 - 6*q + 2. Suppose 2*c = 5*c + 3, 2*a = c + 13. Let s be (-2)/(-1 + a/4). Calculate h(s).
10
Let a(v) = v**2 - 5*v + 6. Let g be a(4). Let n(p) = -4 + p**2 - p**g + p**2 - 3*p. Give n(5).
6
Let g(s) = -s**3 + 4*s**2 + 4*s - 4. Let x(a) = 0 - 10 + 16*a - 7 - 4*a**3 + 16*a**2 + 0. Suppose 3*d - 1 + 28 = 0. Let b(k) = d*g(k) + 2*x(k). What is b(5)?
7
Let d(r) be the second derivative of 3*r - 1/12*r**4 + 1/2*r**2 + 1/6*r**3 + 0 - 7/20*r**5. Calculate d(-1).
6
Let h(r) = r**3 + 4*r**2 - 13*r - 3. Let p be h(-6). Let f(j) be the first d